021334499 composite?
True
Is 24780771629 a composite number?
True
Is 827661689 prime?
True
Is 22108624771 prime?
True
Is 289750606 a prime number?
False
Is 116480366453 composite?
True
Is 944726311 a composite number?
True
Is 11565144509 a composite number?
False
Is 24285875303 a prime number?
False
Is 2937183031 prime?
False
Is 11644675067 a composite number?
False
Is 24488599703 a composite number?
True
Is 18340821929 a prime number?
True
Is 3438281271 a composite number?
True
Is 4437529 a composite number?
False
Is 361326149 a composite number?
False
Is 42656390911 composite?
False
Is 1880281499 prime?
False
Is 38937562067 a prime number?
False
Is 24664205483 prime?
True
Is 13807110089 composite?
True
Is 309609263 prime?
False
Is 73593362603 a composite number?
True
Is 15737976821 a composite number?
True
Is 1787330833 composite?
False
Is 6594247 composite?
True
Is 17121899 a composite number?
False
Is 251698755265 a prime number?
False
Is 260389331 composite?
True
Is 1844149 a prime number?
False
Is 225537371 a prime number?
True
Is 2922912089 a prime number?
True
Is 8426376919 a composite number?
True
Is 3352543049 prime?
False
Is 11585467 composite?
False
Is 3231278839 a prime number?
False
Is 2741517983 prime?
True
Is 1215504997 a composite number?
True
Is 494283421 composite?
False
Is 34848221726 composite?
True
Is 12401960759 composite?
False
Is 36715340357 a prime number?
True
Is 447831132893 a composite number?
False
Is 351372103 prime?
True
Is 19882470073 a prime number?
True
Is 644244641 prime?
True
Is 1894266037 prime?
True
Is 10167612931 a prime number?
False
Is 1391750221 composite?
True
Is 1448053141 a prime number?
True
Is 10098134899 prime?
False
Is 12456281703 composite?
True
Is 75313499827 a prime number?
True
Is 7509677327 a composite number?
False
Is 5063867957 a composite number?
True
Is 3175841189 prime?
True
Is 5283066487 prime?
False
Is 3959270099 a prime number?
True
Is 40678831493 prime?
True
Is 5438306605 composite?
True
Is 1599906527 prime?
True
Is 9285096079 a composite number?
True
Is 2042069059 a composite number?
True
Is 275894911 a prime number?
False
Is 43904927009 a composite number?
True
Is 57470495 prime?
False
Is 3898777691 a prime number?
True
Is 1380627751 a prime number?
True
Is 14133719 composite?
True
Is 3030730897 a composite number?
True
Is 6244778327 composite?
False
Is 288201887 a composite number?
False
Is 1016613817 a composite number?
False
Is 6094734197 prime?
True
Is 12388596589 prime?
True
Is 1463390809 composite?
False
Is 149162809 a composite number?
False
Is 313982126293 prime?
False
Is 3077659807 prime?
False
Is 807290027 a prime number?
True
Is 5474289089 a composite number?
True
Is 48232456667 prime?
True
Is 252028813 a prime number?
True
Is 5150748367 composite?
False
Is 3930320549 composite?
True
Is 12856333577 a composite number?
True
Is 4659003953 composite?
False
Is 10232074187 a composite number?
True
Is 5052113123 a prime number?
True
Is 4787653163 composite?
False
Is 2994916447 a prime number?
False
Is 31628391703 composite?
True
Is 20858221987 composite?
False
Is 12295742621 a composite number?
False
Is 43506601 composite?
False
Is 6681439214 a composite number?
True
Is 6917379563 composite?
False
Is 34283533 composite?
True
Is 27346211057 a composite number?
True
Is 84788398 a prime number?
False
Is 8630427493 a prime number?
True
Is 4702472627 composite?
False
Is 16605028621 composite?
False
Is 1766737813 prime?
True
Is 48579400985 composite?
True
Is 5883571883 a composite number?
True
Is 2703423377 a composite number?
True
Is 44563114873 a composite number?
False
Is 1087991833 a composite number?
True
Is 10270808687 a prime number?
True
Is 93558439 a composite number?
True
Is 625930187 a composite number?
False
Is 2838953323 composite?
False
Is 172678021 a prime number?
True
Is 2884145059 a composite number?
False
Is 70601737 a composite number?
True
Is 408157729447 prime?
False
Is 645979241 a composite number?
False
Is 89529048373 a composite number?
False
Is 132120683 prime?
True
Is 20788707 a composite number?
True
Is 6291410429 composite?
True
Is 73610707 a prime number?
False
Is 9088859149 a prime number?
True
Is 302758451 a prime number?
True
Is 21328466821 prime?
True
Is 1265590397 a composite number?
False
Is 5264950601 a prime number?
True
Is 1238487527 a composite number?
False
Is 471144185 a composite number?
True
Is 41381987519 composite?
True
Is 16963842669 prime?
False
Is 6519834647 a prime number?
False
Is 68722177469 prime?
False
Is 7072987529 prime?
False
Is 8730556733 prime?
True
Is 132723879247 a composite number?
False
Is 1902452257 a prime number?
False
Is 2165455601 a composite number?
False
Is 5989163731 a prime number?
True
Is 1555077961 prime?
True
Is 12593240878 a prime number?
False
Is 19616137609 prime?
False
Is 218340060979 prime?
True
Is 521668489 prime?
False
Is 443618807 a composite number?
False
Is 52972717 a prime number?
False
Is 845089951 composite?
False
Is 1972654747 composite?
True
Is 1734422213 a composite number?
False
Is 201062171 a composite number?
False
Is 1464935099 prime?
False
Is 30530909 composite?
False
Is 44715751 prime?
True
Is 2715526823 composite?
False
Is 17008804349 composite?
False
Is 26020469689 a composite number?
False
Is 13389833371 prime?
False
Is 25300039153 a composite number?
True
Is 3708343451 a composite number?
False
Is 8298057847 prime?
False
Is 2740722559 a prime number?
True
Is 5243170279 composite?
False
Is 144436187 a composite number?
True
Is 11494090339 composite?
False
Is 2914288057 a prime number?
True
Is 32874729947 prime?
False
Is 2387850457 composite?
False
Is 3400247677 a composite number?
True
Is 6716761 composite?
False
Is 27568547 composite?
True
Is 255374473 prime?
False
Is 1356685193 prime?
False
Is 683854397 a prime number?
True
Is 559683923 composite?
True
Is 151238587 prime?
True
Is 1449564091 a prime number?
False
Is 1103263201 a prime number?
True
Is 506131573 a prime number?
False
Is 5324678591 a prime number?
True
Is 902315279 a prime number?
False
Is 2482727909 composite?
False
Is 499936181 composite?
True
Is 1371342793 a composite number?
True
Is 7741062839 a composite number?
False
Is 6555336757 composite?
True
Is 29860250591 composite?
False
Is 4466682161 a composite number?
True
Is 31748992841 composite?
True
Is 45051788303 prime?
False
Is 996849479 a prime number?
False
Is 6606257747 prime?
False
Is 40305468367 composite?
False
Is 1865928367 a prime number?
True
Is 633815746273 a prime number?
True
Is 1001264243 a composite number?
True
Is 343222523 prime?
False
Is 543140291 prime?
True
Is 4861081213 composite?
True
Is 10307138213 composite?
True
Is 23177800447 a prime number?
False
Is 42387953583 a prime number?
False
Is 26465326663 a composite number?
True
Is 48389051 a prime number?
True
Is 9443730181 composite?
False
Is 5218889651 a composite number?
False
Is 599064901 composite?
True
Is 3498917689 prime?
True
Is 609209859 a composite number?
True
Is 23446635107 a prime number?
False
Is 388098229 a composite number?
True
Is 255105709 a prime number?
True
Is 159060193 a prime number?
True
Is 106844137559 a composite number?
True
Is 3689770307 a prime number?
False
Is 45567891119 composite?
True
Is 110971523227 prime?
False
Is 20966292707 composite?
False
Is 849934243 a prime number?
True
Is 11005837127 composite?
False
Is 23798290751 prime?
True
Is 7971617983 a composite number?
True
Is 20160570637 a prime number?
True
Is 2857474231 a composite number?
False
Is 2773894089 composite?
True
Is 440043995 composite?
True
Is 1155811945 composite?
True
Is 17656900397 a prime number?
False
Is 962429501 a prime number?
False
Is 1132740137 a composite number?
True
Is 500534761 composite?
False
Is 2932162483 composite?
False
Is 37425612863 composite?
True
Is 18585919741 a composite number?
True
Is 10947248647 a prime number?
True
Is 229667983 prime?
False
Is 3180534629 prime?
True
Is 22368162473 a composite number?
False
Is 146399249 composite?
False
Is 46038647639 a composite number?
False
Is 8664675793 a prime number?
False
Is 2421398219 a prime number?
True
Is 344231977 composite?
False
Is 1356890053 composite?
False
Is 355721530467 composite?
True
Is 19788116461 composite?